me?
True
Is 3335201 prime?
True
Is 981651941 composite?
False
Is 191527079 a composite number?
False
Is 30083855 prime?
False
Is 132484943 a prime number?
True
Is 25528145 a composite number?
True
Is 1461790697 a composite number?
False
Is 13129081 a composite number?
True
Is 16934023 a prime number?
False
Is 13967039 a composite number?
True
Is 15133123 a composite number?
False
Is 53849 composite?
False
Is 3773491 prime?
True
Is 11551471 a prime number?
False
Is 34090207 a composite number?
False
Is 9026753 a composite number?
True
Is 18409642 a prime number?
False
Is 77209987 composite?
False
Is 15201523 composite?
False
Is 26352619 prime?
False
Is 336518863 a prime number?
False
Is 14184649 a prime number?
True
Is 63165397 prime?
True
Is 349346 prime?
False
Is 6806071 composite?
False
Is 33942611 a composite number?
True
Is 3193487 prime?
False
Is 306437 a composite number?
False
Is 21022343 prime?
False
Is 3697633 composite?
False
Is 10244929 prime?
False
Is 859361 a composite number?
False
Is 49142809 a prime number?
True
Is 54563561 a prime number?
False
Is 180492677 a prime number?
False
Is 5598577 composite?
False
Is 9010381 a prime number?
True
Is 7471831 composite?
False
Is 562361567 a composite number?
True
Is 23664551 a prime number?
False
Is 14937647 prime?
True
Is 1283663 a prime number?
False
Is 128813 composite?
False
Is 903311 composite?
False
Is 14009201 a prime number?
True
Is 46588081 a prime number?
False
Is 19376213 a prime number?
False
Is 507527 a composite number?
True
Is 5487089 a composite number?
True
Is 3612953 a composite number?
True
Is 84692353 composite?
False
Is 81057797 a prime number?
True
Is 174427007 a prime number?
False
Is 1572799 a composite number?
False
Is 75262259 a prime number?
True
Is 5396915 prime?
False
Is 893407 prime?
True
Is 411143459 composite?
True
Is 59660693 a prime number?
True
Is 97959707 prime?
True
Is 5640769 a composite number?
False
Is 52370849 a composite number?
False
Is 10770787 a composite number?
True
Is 38238091 a composite number?
True
Is 96201491 a prime number?
False
Is 56906791 prime?
False
Is 37511101 a composite number?
True
Is 18155183 prime?
False
Is 235349 a composite number?
False
Is 7330503 a prime number?
False
Is 77890847 a prime number?
False
Is 3443101 a prime number?
True
Is 79028491 prime?
True
Is 2266571 a composite number?
False
Is 691515197 a composite number?
False
Is 64763819 a composite number?
True
Is 1353581 a composite number?
False
Is 362755607 a prime number?
True
Is 10775617 a composite number?
True
Is 23064553 a composite number?
False
Is 3132971 prime?
True
Is 14001737 composite?
True
Is 62950317 composite?
True
Is 2062447 a composite number?
True
Is 30851641 composite?
False
Is 38720663 composite?
True
Is 576947 a composite number?
True
Is 214306619 a composite number?
False
Is 2286283 prime?
False
Is 3793289 a composite number?
False
Is 1098007 prime?
False
Is 33999289 a prime number?
True
Is 6209171 composite?
True
Is 2845367 a composite number?
True
Is 156475067 a composite number?
True
Is 28853857 composite?
False
Is 14278831 a composite number?
True
Is 139674155 composite?
True
Is 125518751 composite?
True
Is 29445413 composite?
False
Is 449697 composite?
True
Is 17011831 prime?
True
Is 31370135 a composite number?
True
Is 1814705 a composite number?
True
Is 6662041 prime?
True
Is 3706247 a composite number?
False
Is 17939683 composite?
False
Is 469899977 a composite number?
False
Is 12373019 prime?
True
Is 131160377 a prime number?
True
Is 6648706 a composite number?
True
Is 151049 a prime number?
True
Is 2705678 prime?
False
Is 122875121 a prime number?
True
Is 11208563 prime?
False
Is 88792141 a composite number?
True
Is 986927 a prime number?
True
Is 75099119 prime?
True
Is 9133919 a composite number?
True
Is 10860851 a composite number?
False
Is 180023 prime?
True
Is 82390337 prime?
True
Is 3341483 prime?
True
Is 2657609 a composite number?
False
Is 617203493 prime?
True
Is 690187 a composite number?
False
Is 6041567 a composite number?
True
Is 56878751 prime?
True
Is 1909603201 a composite number?
True
Is 39974471 prime?
True
Is 119151853 a prime number?
False
Is 4105987 a prime number?
False
Is 612768539 prime?
True
Is 10225283 a prime number?
False
Is 3815681 composite?
False
Is 6742927 a composite number?
True
Is 683309 a composite number?
True
Is 195218719 composite?
False
Is 1974088299 a composite number?
True
Is 501433 a composite number?
True
Is 46804763 composite?
True
Is 14400707 prime?
True
Is 51345317 a prime number?
True
Is 19278107 a composite number?
False
Is 287286529 a prime number?
True
Is 69070787 a prime number?
False
Is 31010303 prime?
True
Is 71880223 a composite number?
False
Is 12766051 a prime number?
True
Is 103012633 prime?
False
Is 208213279 composite?
False
Is 105235387 a composite number?
False
Is 29801411 a prime number?
False
Is 164251151 a composite number?
False
Is 90529423 a composite number?
True
Is 15844277 composite?
False
Is 5330579 a composite number?
False
Is 16305199 prime?
False
Is 6582903 a prime number?
False
Is 46019 a composite number?
True
Is 7909394 a composite number?
True
Is 1533224909 a composite number?
False
Is 2600161 a prime number?
True
Is 80526937 prime?
False
Is 33293267 a composite number?
True
Is 162176741 prime?
False
Is 1381027 composite?
False
Is 10160713 prime?
False
Is 13546711 a composite number?
False
Is 686877 a composite number?
True
Is 75195451 a composite number?
True
Is 8661603 a composite number?
True
Is 1371921 a composite number?
True
Is 426554597 a composite number?
True
Is 10202383 a composite number?
True
Is 2251003 prime?
False
Is 2217829 composite?
False
Is 482426062 prime?
False
Is 7903763 composite?
True
Is 1235803 a composite number?
False
Is 131731 prime?
True
Is 5278877 composite?
False
Is 211656217 composite?
False
Is 2585549 a composite number?
False
Is 1391951 a prime number?
False
Is 895277 composite?
False
Is 833890897 prime?
False
Is 77532851 a prime number?
False
Is 24528638 a prime number?
False
Is 22521857 a prime number?
True
Is 364164001 a prime number?
False
Is 9156473 prime?
True
Is 255228811 a composite number?
True
Is 1010861 prime?
True
Is 724187 a prime number?
True
Is 446130878 a prime number?
False
Is 158649965 a composite number?
True
Is 1780409 composite?
True
Is 4232285 prime?
False
Is 3246409 prime?
False
Is 1589173 prime?
False
Is 13196441 composite?
False
Is 43201997 prime?
True
Is 6919787 prime?
False
Is 51970235 prime?
False
Is 2115181 a prime number?
True
Is 3049 composite?
False
Is 197718941 composite?
True
Is 13232207 a composite number?
True
Is 225587347 a composite number?
True
Is 75966757 a composite number?
False
Is 211239997 composite?
False
Is 821642669 composite?
True
Is 8402099 a composite number?
False
Is 26333059 a prime number?
True
Is 48216059 a composite number?
True
Is 2461043 prime?
False
Is 610914998 a prime number?
False
Is 1170728021 composite?
False
Is 22339093 composite?
True
Is 3462103 a composite number?
False
Is 3472277 prime?
True
Is 1880321 a composite number?
False
Is 75769877 a composite number?
False
Is 4341713 a composite number?
True
Is 46772113 a composite number?
True
Is 37874059 composite?
True
Is 25253971 a prime number?
True
Is 6939437 composite?
False
Is 12545657 a composite number?
True
Is 137383 composite?
False
Is 4265263 composite?
False
Is 45181417 a composite number?
False
Is 37450331 a composite number?
False
Is 2052749 composite?
False
Is 3505721 a composite number?
True
Is 1425481 composite?
False
Is 522101 composite?
True
Is 1546463 a prime number?
True
Is 72125201 a composite number?
True
Is 13943129 a prime number?
False
Is 3927337 a composite number?
False
Is 64848913 a composite number?
True
Is 3779509 a composite number?
False
Is 32515201 composite?
False
Is 25996694 composite?
True
Is 765484997 a composite number?
False
Is 184828549 prime?
False
Is 171319877 composite?
False
Is 3530761 a prime number?
False
Is 30532859 composite?
True
Is 427417 a prime number?
True
Is 205959401 prime?
True
Is 6757213 prime?
False
Is 2086343 composite?
True
Is 395678397 a prime number?
False
Is 19387663 composite?
True
Is 26150239 a prime number?
False
Is 73014861 prime?
False
Is 13